s of (-78)/(-4)*(-546)/(-63).
13
List the prime factors of (-2)/3 + (-340)/(-6).
2, 7
Let u(y) = 3*y**2 - 6*y + 2. Let q(x) = -3*x**3 - 2*x - 1. Let g be q(-1). What are the prime factors of u(g)?
2, 13
Let c = -54 - -116. List the prime factors of c.
2, 31
Suppose -2*g - 4*v = -138, 0 = 5*g - g - 5*v - 250. List the prime factors of g.
5, 13
Suppose 0*b + 2*h + 13 = b, 3*b + 1 = -4*h. Suppose b*y - r - 145 + 7 = 0, 3*r = 5*y - 144. What are the prime factors of y?
3
Suppose 2*b + 14 = -2*b + l, -l = -2. What are the prime factors of (-11)/(-11) + (-1 - b)?
3
Let l(j) = -j**2 + 9*j + 7. Suppose 0 = 5*z + 4*y - 6*y - 39, -5*z + 42 = -y. What are the prime factors of l(z)?
7
Suppose -2*n + 4 = -4. Suppose 5*x = 3*b - 56, 3*b = -0*b - n*x + 101. What are the prime factors of b?
3
Suppose -l = 2*l + 12. Let x = 0 + l. Let w = x + 6. List the prime factors of w.
2
Suppose 3*h - 11 - 1 = 0. Suppose 0 = 3*t - 5*g - 18, 0 = h*t + 2*g + 5 - 3. Suppose -t = f - 11. List the prime factors of f.
2, 5
Let y = 96 + -52. List the prime factors of y.
2, 11
Let z = -79 + 115. What are the prime factors of z?
2, 3
Let y(w) be the third derivative of w**6/120 + 7*w**5/60 + 7*w**4/24 - w**3/3 + w**2. Suppose 2*f + 3 = -7. List the prime factors of y(f).
13
List the prime factors of 1/6 + 2776/48.
2, 29
Let o = 6 + -3. Suppose o*z = -z + 16. Suppose 5*h = -z*n + 35, h = 2*n - 0*n - 21. What are the prime factors of n?
2, 5
Let q(m) = 11*m**2 + 17*m**2 - 8*m**2 - 1 + 2*m. List the prime factors of q(1).
3, 7
Let t = -50 - -161. What are the prime factors of t?
3, 37
Let k(f) = f**3 - 6*f**2 + 7*f - 3. Let y be k(5). Let h = y - 0. What are the prime factors of h?
7
Let g = 197 - 88. What are the prime factors of g?
109
Let j(h) = -h**2 - 5*h - 4. Let g be j(-5). Let l be 7/5 - g/(-10). List the prime factors of -1 - (-12 - -1) - l.
3
List the prime factors of (2/3)/((-2)/(-54)).
2, 3
Suppose 3*f + f = 0. What are the prime factors of (2 + -3)*-13 - f?
13
Let n = 440 - 199. What are the prime factors of n?
241
Let b be (-2 + (-16)/(-10))*-10. Suppose -21 = -3*v - 5*h, 5*h = b*v - 6 - 22. List the prime factors of v.
7
Suppose 42 + 48 = -5*d. Let w = d + 34. Suppose -w = -5*o + 4*o. List the prime factors of o.
2
Let y = -16 - -80. List the prime factors of y.
2
Let k be 10/6*(7 + -1). Let w(s) be the third derivative of -s**5/60 + 11*s**4/24 - s**2. What are the prime factors of w(k)?
2, 5
Suppose -3*c + 21 = -c + 5*s, 0 = 3*c + s - 51. Let d = c + -9. Let r = d - 5. What are the prime factors of r?
2
Let v(p) = 40*p + 1. List the prime factors of v(2).
3
Let y(n) = 4*n**2 + 3*n + 1. Let k be y(5). Suppose -4*l = -5*h - 2 - k, -h = -3*l + 83. What are the prime factors of l?
3
Let s(t) = t**3 - t**2 + t + 96. What are the prime factors of s(0)?
2, 3
Suppose -5*s + 5 = -3*v - 100, -3*v = 4*s - 84. Suppose -5*l + s = -3*h + h, 0 = 5*h + 2*l - 20. List the prime factors of h.
2
Suppose 0 = -5*c - 12 - 8. List the prime factors of (-154)/c + (-6)/(-12).
3, 13
Suppose -56 = -4*h + 2*p, p + 0*p = -3*h + 32. List the prime factors of h.
2, 3
Let a(w) = -w**2 - 6*w. Let d be a(-7). Let s(x) = x**2 + 4*x - 8. List the prime factors of s(d).
13
Suppose 0 = 3*i - 2*i + 2. Let s = 5 + i. Suppose j = -5, y = -3*y + s*j + 31. What are the prime factors of y?
2
What are the prime factors of 752/22 + 4/(-22)?
2, 17
Let d be 3*1 + (-84)/6. Let t = d - -16. List the prime factors of t.
5
Suppose -4*r + 7 + 5 = -4*z, 2*r + 2*z = 6. List the prime factors of r.
3
Suppose 374 = 4*i + 110. What are the prime factors of i?
2, 3, 11
Let m(n) = -3*n**3 + 6*n**2 + 5*n + 1. Let h(o) = o**3 - o**2 - o. Let p(c) = -4*h(c) - m(c). Let s be p(-2). List the prime factors of (8/12)/(s/3).
2
Let v(r) = 11*r - 23. List the prime factors of v(20).
197
Suppose f + 8 = 5*f. Suppose g - f = 8. What are the prime factors of g?
2, 5
Let v(f) = -3 + 1 + 2 - 11*f. Let l be v(-2). Suppose 38 + l = 3*k. List the prime factors of k.
2, 5
Let u be 12/(-18) - (-190)/6. Suppose z + 1 - u = 0. What are the prime factors of z?
2, 3, 5
Let r(a) = 5*a - 4. Let y be r(-3). Let m = y - -29. What are the prime factors of m?
2, 5
Let b(p) = p + 1. Let u be b(2). Suppose -2*c + u = -c. List the prime factors of c.
3
Suppose d = 6*d - 160. Let n = 10 + d. List the prime factors of n.
2, 3, 7
Let r(i) = -i**3 - 5*i**2 + 2. Let d be r(-5). Suppose 3*u + d*u - 100 = 0. Let o = u - 2. What are the prime factors of o?
2, 3
What are the prime factors of 307/2 - (4/8 - 1)?
2, 7, 11
Let v be 35 + 1 - (-4 - -5). Let g = 53 - v. List the prime factors of g.
2, 3
Let p = 305 + -207. What are the prime factors of p?
2, 7
Suppose 37 = 4*h - 3*r, -5*h - r = -5*r - 46. Suppose 0 = -3*g - 2*g + h. Suppose g*w = -k + 19, 3 + 10 = 3*k - 5*w. What are the prime factors of k?
11
Suppose -2*z = -5*b - 34, 4*z + 3*b - 74 - 20 = 0. Suppose 3*u - 23 = f, 4*f - z + 2 = -4*u. What are the prime factors of u?
7
Suppose 6*g = 3*g + 6. Suppose 4*l + 2*q = 6, 0 = l + g*q - 0*q. List the prime factors of l.
2
Let b = 7 - 3. Suppose b*a - 21 - 19 = 0. Suppose -5*w + a + 45 = 0. List the prime factors of w.
11
Let c = -9 + 15. What are the prime factors of c?
2, 3
Suppose 4*x - 41 - 11 = -4*y, 0 = 5*y + x - 77. What are the prime factors of y?
2
Let z be 206/10 - (-6)/15. Let q = 53 - z. List the prime factors of q.
2
Let o = -3 + 9. Suppose -4*p = -o*p + 30. List the prime factors of p.
3, 5
Let w(t) be the third derivative of -t**5/30 - 5*t**4/6 - 7*t**3/6 + 4*t**2. List the prime factors of w(-8).
5
Let c(s) = -3*s - 14*s**2 + s**3 + 8 - 11 + 5*s. What are the prime factors of c(14)?
5
Let f(a) = -73*a**3 - a - 2. List the prime factors of f(-1).
2, 3
Suppose 2*s - 44 = 8. Let n = s - 8. What are the prime factors of n?
2, 3
Suppose -35 = -n + u, -3*u = 2*n + 2*u - 42. Suppose z + 4 = n. List the prime factors of (-3)/(-6) - z/(-6).
5
Let k be (10/(-4))/((-2)/4). Suppose -k = 5*s - 0*s. What are the prime factors of 1 + (-1)/s*6?
7
Let u be 4/6*3/1. Suppose -101 = -5*x - u*a, -4*a = x - 13 - 0. What are the prime factors of x?
3, 7
Suppose 2*g = 9*h - 7*h + 352, 4*g + h - 719 = 0. What are the prime factors of g?
179
Suppose 5*j + 29 = -2*r + 116, -5*j + 5 = 0. What are the prime factors of r?
41
Let h(k) = k**3 + 9*k**2 + k - 11. What are the prime factors of h(-8)?
3, 5
Let k(i) = 9*i - 1. Let v be -1 + 16 - 0/(-1). Let d be 5/(v/6) + -1. What are the prime factors of k(d)?
2
Suppose -42 - 142 = -4*r. List the prime factors of r.
2, 23
Let h = 20 + 30. Let s = h + -28. What are the prime factors of s?
2, 11
Let z = -6 + -11. Let t = 24 + z. List the prime factors of t.
7
Let l(i) = i + 3. List the prime factors of l(13).
2
Let b be (-1 - -7)*(1 - -2). Suppose 7 = 5*h - b. What are the prime factors of h?
5
Let y be (1 + -2)*(1 + 2). Let r be y*2/(-6)*29. Suppose 3*c = 2*n + 3 - 14, 3*n - r = 2*c. What are the prime factors of n?
13
Let j = 1 - 1. Suppose j = -b + 4 + 15. What are the prime factors of b?
19
Suppose 9*x = 6*x + 258. List the prime factors of x.
2, 43
Let b(c) = c**3 + 6*c**2 - 9*c - 9. Let j be b(-7). Let f = j + -2. Suppose 4*q - 60 = -3*n, 4*q + f*n + 2*n - 52 = 0. What are the prime factors of q?
2, 3
Let q(n) = -n**2 + 5*n + 3. Let l be q(5). Suppose x = 6 + l. List the prime factors of 1/1*x/1.
3
List the prime factors of (120/25)/8 + (-22)/(-5).
5
Let n(k) = 9*k**2 + 2*k. What are the prime factors of n(2)?
2, 5
Let s = 932 + -474. List the prime factors of 8/44 + s/22.
3, 7
Suppose 4*x = 3*a + 764, -2*a + 2*x = -3*x + 500. What are the prime factors of (-6)/(-27) + a/(-45)?
2, 3
Suppose -2*f - 8 = -2*q, -5*q + 4 = -1. Let u(x) = -6*x - 7. What are the prime factors of u(f)?
11
Suppose -s + 2*p + 41 = 4*p, -2*s + 85 = 3*p. List the prime factors of s.
47
Let f = 4 + -1. Let x be -5 + (f - 1) + 7. List the prime factors of 12/x - 14/(-2).
2, 5
List the prime factors of (6825/10)/7*2.
3, 5, 13
Suppose -3*n + 0*n + 117 = -2*u, 5*n + 4*u = 195. What are the prime factors of n?
3, 13
Let s be (12/10)/((-2)/(-55)). Suppose -o = -2*m - 3, -4*m + 0 = o - s. List the prime factors of o.
13
Let b be (0 - -15)*2/6. Suppose f - 37 = -3*w, 3*w = -w - b*f + 31. List the prime factors of w.
2, 7
Let q = 0 + 0. Suppose -3*g = -q*g - 165. Sup